of 14 and d.
7
Let s(j) = j - 14. Let p be s(10). Let c be ((-2)/6)/(p/1452). Let y(x) = -x**3 - 2*x**2 + 2. Let r be y(-3). What is the highest common factor of c and r?
11
Suppose -n = -2*n + 9. Let u be (24/(-4))/(-2 + 0). Suppose 2*h - 128 - 85 = u*g, 0 = -h - 4*g + 79. Calculate the highest common factor of n and h.
9
Suppose 16 = i - 68. Calculate the greatest common factor of 12 and i.
12
Let f be -4 + (36 - -3) + -1. Let c = f - 11. What is the highest common factor of 46 and c?
23
Suppose 0 = -d - 2*d + 3. Suppose -5*b + 24 = 2*v, -5*v + v - 36 = -4*b. Calculate the greatest common factor of d and b.
1
Let b be (-2 + 113/(-3))*-6. Suppose -4*v = -5*g + 593, 5*v = 3*g - b - 123. Calculate the greatest common divisor of 13 and g.
13
Let y be (-260)/(-14) - 24/42. Let o be (-15)/(3/9*-1). What is the highest common factor of o and y?
9
Let c = -62 + 116. What is the greatest common divisor of c and 18?
18
Let v be 0 - (2*-1 - -2). Suppose v*j + 15 = 3*j. Suppose f + 1 = j. Calculate the highest common factor of 4 and f.
4
Let y(b) = -b + 2. Let j be y(0). Suppose -g + n = -11, j*n + n - 27 = -g. Let s = 8 - 2. Calculate the highest common factor of s and g.
3
Suppose 2 + 2 = -4*r. Let q be r*1 - (-32 + 7). What is the highest common divisor of q and 60?
12
Suppose -119 = -4*y + 25. Let o = y + -17. Calculate the highest common divisor of 19 and o.
19
Suppose i = 3*i - 10. Suppose 6*p - 5 = 5*p. Calculate the greatest common divisor of p and i.
5
Let c(a) = 7 - a**2 + 13*a - a - 3. Let v be c(12). What is the greatest common divisor of v and 4?
4
Let s(z) = -4*z**2 - 12*z - 13. Let l(n) = -9*n**2 - 23*n - 25. Let h(q) = 3*l(q) - 7*s(q). Let g be h(-14). Calculate the highest common divisor of 14 and g.
2
Suppose -81 = -k - 26. Calculate the highest common divisor of k and 11.
11
Let i = -1 - -3. Let n(k) = 5*k**2 + 3*k - 2. Let x be n(i). Let a(f) = 2*f - 9. Let t be a(6). Calculate the highest common divisor of x and t.
3
Let p(g) = 7*g - 1. Let y be p(1). Suppose y*x - 5*x = 3. What is the greatest common divisor of x and 3?
3
Let b be (-4)/(-2) + (-15 - -233). What is the greatest common factor of b and 20?
20
Let r be ((0/(-2))/(-1))/(-2). Suppose r*g - 21 = -3*g. Let s = -115 + 192. What is the highest common factor of g and s?
7
Let c = -2 - -32. Suppose -2*k = -4*k. Suppose k = 3*s - 5 - 10. What is the greatest common factor of c and s?
5
Suppose 35 = 6*k + 185. Let x be (10/k)/(1/(-5)). What is the greatest common divisor of x and 3?
1
Suppose w - 5*i - 13 = 0, -5*w + 11 = -i + 3*i. Suppose p + p = 20. Let t = 22 - p. Calculate the greatest common factor of w and t.
3
Let l be 56 + (2 - 6) + 4. What is the greatest common factor of 14 and l?
14
Suppose 0 = -v + 3*v - 130. Let s = 5 - -21. What is the greatest common divisor of v and s?
13
Let b(q) = 17*q**3 - 2*q + 1. Let a be b(1). Calculate the highest common factor of 48 and a.
16
Let n(b) = 12*b + 1. Let l be n(1). What is the greatest common divisor of 143 and l?
13
Let a be 0/((-2 + 4)/2). Suppose -u - 2*l - 4 = a, 3*l = 2*u - 3*u - 7. What is the greatest common factor of 10 and u?
2
Suppose -4*t + 10 = -2*n, 26 - 1 = -5*t - 5*n. Let c be t - 0 - 0 - -4. Suppose 4*b - 16 = -c. Calculate the highest common factor of 9 and b.
3
Let h = 8 + -3. Suppose 2*s - 5*s + o = -25, -55 = -4*s - 3*o. What is the greatest common factor of s and h?
5
Let v = 262 - 73. Let x be (378/15)/(4/20). Let q be (-25)/10*x/(-15). Calculate the greatest common factor of v and q.
21
Let t(o) = -10*o - 5. Let q be t(-5). Let k be (-320)/(-18) - (-10)/q. Calculate the highest common factor of 162 and k.
18
Let b(v) = -v + 4. Let l be b(-4). Let u = -3 + 12. Let y(g) = 9*g - 9. Let i be y(u). Calculate the highest common factor of l and i.
8
Suppose 0 = -4*k - k + 40. Suppose 0 = -u + 3*w + 4 - 6, -3*w - k = u. Let r be (-100)/8*12/u. What is the greatest common divisor of 10 and r?
10
Let w = 23 - 5. Suppose -4*m = 5*p - 720, 0 = -p - 0*m - m + 144. What is the highest common factor of p and w?
18
Let q = 21 + 9. Calculate the highest common divisor of 45 and q.
15
Let d = -183 - -372. Suppose -d - 216 = -3*v. Suppose -4*w + 75 = w. Calculate the highest common factor of v and w.
15
Suppose 2*m = h - 20, 2*h = -5*m - 3 + 16. What is the greatest common factor of h and 112?
14
Let a = 41 - 33. Calculate the greatest common factor of 8 and a.
8
Let o be -1*(-5 + 7 + -4). Suppose b - o*b + 28 = 3*i, -4*b = -4*i - 176. Calculate the greatest common divisor of b and 5.
5
Let d be (-7 - (-3 - -2))*-8. Calculate the greatest common factor of d and 6.
6
Let p be 6*-5*(0 - 1). Let b = -14 + p. Suppose 5*f + 0*f = 10. What is the greatest common divisor of b and f?
2
Suppose o = -2*o. Suppose 14 = -o*r + r. What is the greatest common factor of r and 28?
14
Suppose -44 = 2*y - 194. Suppose -4*k = -4*m - 72, 5*k = -6*m + m + 60. What is the greatest common divisor of y and k?
15
Let q = 40 - 16. What is the greatest common divisor of 60 and q?
12
Let u = 0 - -11. Calculate the greatest common divisor of u and 22.
11
Let d be (6/(-5))/((-2)/40). Let z be (3 - (-9)/(-6))*2. Suppose z*g = 12 + 6. Calculate the highest common factor of d and g.
6
Let t be 12/(3*1/4). Let z(k) = 141*k**2 - 5*k - 2. Let f be z(-1). What is the highest common divisor of t and f?
16
Suppose -5*p = -10*p + 115. Let a be 3*p + 9/3. What is the greatest common divisor of a and 8?
8
Suppose 11 = -x + 2*k, -5*x + 4*k - 10 = 3*k. Let p be x/4 - (-3918)/(-8). Let u be (-4)/6 - p/6. Calculate the greatest common divisor of 9 and u.
9
Let r(t) = 2*t**2 + 3*t - 5. Let c be r(-5). Let y = -35 + 19. Let f = c + y. Calculate the highest common divisor of 2 and f.
2
Suppose 20 = -4*w + 6*w. Suppose -2*k + b + 172 = 0, -2*k + 188 = -0*k - 5*b. Let s = 26 + k. What is the greatest common factor of w and s?
10
Suppose -6*t = 5*b - 3*t - 162, -b - 5*t = -50. Let n(g) = -g + 8. Let x be n(-12). What is the greatest common factor of x and b?
10
Let q(s) = 4*s**2 + s. Let p be q(-2). Let x be 600/42 - 4/p. Suppose 4*a = 2*m + a - 85, -5*a + 45 = 2*m. What is the greatest common factor of x and m?
7
Suppose 3*g - g = 22. What is the greatest common divisor of 33 and g?
11
Suppose -2*t + 4 = 2*t. What is the greatest common factor of t and 8?
1
Let n = 8 + 22. What is the highest common factor of 12 and n?
6
Suppose 0 = h - 1 - 29. Let s = -55 + 145. Suppose -g = g - s. Calculate the greatest common divisor of g and h.
15
Let b(o) = -o**2 - 7*o + 6. Let v(p) = -3*p + 7. Let t be v(5). Let j be b(t). Let q be j - -2 - 5*-7. What is the greatest common factor of 5 and q?
5
Suppose -5*o + 31 = -29. What is the greatest common divisor of 6 and o?
6
Suppose 6*r - 4*r = k - 57, -5*k + 267 = -r. Let v = k + -22. Let d = v + -21. What is the highest common divisor of d and 20?
10
Let s be 401/4 - 1/4. Suppose -3*u + s = u. Calculate the greatest common factor of 175 and u.
25
Let w be (-2)/(3*(-4)/12). What is the highest common factor of 2 and w?
2
Suppose 3*t = 2*t - 12. Suppose 0 = 4*s - 36 - 44. Let d = t + s. Calculate the greatest common factor of d and 40.
8
Let m = 45 + -42. Calculate the greatest common divisor of 6 and m.
3
Suppose 0 = -j - 18 + 44. Let t = -12 + j. Calculate the highest common factor of t and 35.
7
Suppose 5*b = -5*f + 5, b - 29 = -5*f + 4*b. Calculate the highest common divisor of 4 and f.
4
Suppose 0 = -q + 3*q - 88. Suppose -5*u + 33 = 3*a, 4*a = 2*a - 3*u + 22. What is the highest common factor of a and q?
11
Suppose -16 = f + 5*p, 128 = -3*f + 3*p + 2*p. Let k = -4 - f. What is the greatest common divisor of k and 8?
8
Let q be (-16)/(-12)*(-15)/(-10). What is the greatest common factor of q and 18?
2
Let h = -7 + 79. What is the greatest common divisor of 9 and h?
9
Suppose -4*z = 3*k + k - 36, -5*z + 5*k - 5 = 0. Let i be (14/(-1))/((-4)/z). What is the greatest common divisor of i and 21?
7
Let f(g) = 30*g - 3. Let n be f(1). Calculate the highest common factor of n and 36.
9
Let g = 36 + -29. What is the highest common divisor of g and 14?
7
Suppose -5*p - 264 = -11*p. What is the greatest common factor of p and 4?
4
Suppose 0*f + 4*f - 8 = 0. Suppose -4*a - u = -3, -u = 2*a - f*u - 9. Suppose 2*y - a = -0. Calculate the high